{"id":1472,"date":"2021-11-23T10:51:42","date_gmt":"2021-11-23T10:51:42","guid":{"rendered":"https:\/\/laboralbarbera.com\/?post_type=product&#038;p=1472"},"modified":"2022-08-31T08:43:00","modified_gmt":"2022-08-31T08:43:00","slug":"ensemble-veste-et-pantalon-haute-frequence","status":"publish","type":"product","link":"https:\/\/laboralbarbera.com\/fr\/producto\/ensemble-veste-et-pantalon-haute-frequence\/","title":{"rendered":"Ensemble veste et pantalon haute fr\u00e9quence"},"content":{"rendered":"","protected":false},"excerpt":{"rendered":"<p><span style=\"color: #de2a23;\"><strong>Personnalisez ce v\u00eatement de base en fonction des besoins de votre entreprise.<\/strong><br \/>\nD\u00e9finir le mat\u00e9riau, la composition et la conception en collaboration avec notre d\u00e9partement de production.<\/span><\/p>\n<h2>Veste imperm\u00e9able<\/h2>\n<p><strong>Mat\u00e9riel:<\/strong><br \/>\nTissu polyamide enduit de polyur\u00e9thane 70 grs.<br \/>\n<strong>Description:<\/strong><br \/>\nVeste \u00e0 manches longues, avec capuche, crochet et boucle, velcro sur col, poche sur le type plaston avant.<\/p>\n<h2>Pantalon imperm\u00e9able<\/h2>\n<p><strong>Mat\u00e9riel:<\/strong><br \/>\nTissu polyamide enduit de polyur\u00e9thane 70 grs.<br \/>\n<strong>Description:<\/strong><br \/>\nPantalon sans poches, dos ouvert, pas de zip en bas.<\/p>\n","protected":false},"featured_media":1473,"template":"","meta":[],"product_cat":[59],"product_tag":[],"class_list":["post-1472","product","type-product","status-publish","has-post-thumbnail","product_cat-speciaux"],"_links":{"self":[{"href":"https:\/\/laboralbarbera.com\/fr\/wp-json\/wp\/v2\/product\/1472","targetHints":{"allow":["GET"]}}],"collection":[{"href":"https:\/\/laboralbarbera.com\/fr\/wp-json\/wp\/v2\/product"}],"about":[{"href":"https:\/\/laboralbarbera.com\/fr\/wp-json\/wp\/v2\/types\/product"}],"wp:featuredmedia":[{"embeddable":true,"href":"https:\/\/laboralbarbera.com\/fr\/wp-json\/wp\/v2\/media\/1473"}],"wp:attachment":[{"href":"https:\/\/laboralbarbera.com\/fr\/wp-json\/wp\/v2\/media?parent=1472"}],"wp:term":[{"taxonomy":"product_cat","embeddable":true,"href":"https:\/\/laboralbarbera.com\/fr\/wp-json\/wp\/v2\/product_cat?post=1472"},{"taxonomy":"product_tag","embeddable":true,"href":"https:\/\/laboralbarbera.com\/fr\/wp-json\/wp\/v2\/product_tag?post=1472"}],"curies":[{"name":"wp","href":"https:\/\/api.w.org\/{rel}","templated":true}]}}

Ensemble veste et pantalon haute fréquence

<p><span style="color: #de2a23;"><strong>Personnalisez ce vêtement de base en fonction des besoins de votre entreprise.</strong><br />
Définir le matériau, la composition et la conception en collaboration avec notre département de production.</span></p>
<h2>Veste imperméable</h2>
<p><strong>Matériel:</strong><br />
Tissu polyamide enduit de polyuréthane 70 grs.<br />
<strong>Description:</strong><br />
Veste à manches longues, avec capuche, crochet et boucle, velcro sur col, poche sur le type plaston avant.</p>
<h2>Pantalon imperméable</h2>
<p><strong>Matériel:</strong><br />
Tissu polyamide enduit de polyuréthane 70 grs.<br />
<strong>Description:</strong><br />
Pantalon sans poches, dos ouvert, pas de zip en bas.</p>
