{"id":1492,"date":"2021-11-23T10:39:37","date_gmt":"2021-11-23T10:39:37","guid":{"rendered":"https:\/\/laboralbarbera.com\/?post_type=product&#038;p=1492"},"modified":"2022-08-31T09:53:08","modified_gmt":"2022-08-31T09:53:08","slug":"combinaison-orange-avec-poches-et-rabats-transparents","status":"publish","type":"product","link":"https:\/\/laboralbarbera.com\/fr\/producto\/combinaison-orange-avec-poches-et-rabats-transparents\/","title":{"rendered":"Combinaison orange avec poches et rabats transparents."},"content":{"rendered":"","protected":false},"excerpt":{"rendered":"<p><span style=\"color: #de2a23;\"><strong>Personnalisez ce v\u00eatement de base en fonction des besoins de votre entreprise.<\/strong><br \/>\nD\u00e9finir le mat\u00e9riau, la composition et la conception en collaboration avec notre d\u00e9partement de production.<\/span><\/p>\n<h2>Combinaison<\/h2>\n<p><strong>Mat\u00e9riel:<\/strong><br \/>\nTissu polyester 65% et 35% coton, grammage 150 grs\/m2.<br \/>\n<strong>Description:<\/strong><br \/>\nCombinaison, avec capuche, combinaison et poche zipp\u00e9e dans la poche de poitrine avec fen\u00eatre pour l\u2019identification. Fermeture du brassard et du fond au moyen de clips m\u00e9talliques.<\/p>\n","protected":false},"featured_media":1493,"template":"","meta":[],"product_cat":[61],"product_tag":[],"class_list":["post-1492","product","type-product","status-publish","has-post-thumbnail","product_cat-radioprotection"],"_links":{"self":[{"href":"https:\/\/laboralbarbera.com\/fr\/wp-json\/wp\/v2\/product\/1492","targetHints":{"allow":["GET"]}}],"collection":[{"href":"https:\/\/laboralbarbera.com\/fr\/wp-json\/wp\/v2\/product"}],"about":[{"href":"https:\/\/laboralbarbera.com\/fr\/wp-json\/wp\/v2\/types\/product"}],"wp:featuredmedia":[{"embeddable":true,"href":"https:\/\/laboralbarbera.com\/fr\/wp-json\/wp\/v2\/media\/1493"}],"wp:attachment":[{"href":"https:\/\/laboralbarbera.com\/fr\/wp-json\/wp\/v2\/media?parent=1492"}],"wp:term":[{"taxonomy":"product_cat","embeddable":true,"href":"https:\/\/laboralbarbera.com\/fr\/wp-json\/wp\/v2\/product_cat?post=1492"},{"taxonomy":"product_tag","embeddable":true,"href":"https:\/\/laboralbarbera.com\/fr\/wp-json\/wp\/v2\/product_tag?post=1492"}],"curies":[{"name":"wp","href":"https:\/\/api.w.org\/{rel}","templated":true}]}}

<p><span style="color: #de2a23;"><strong>Personnalisez ce vêtement de base en fonction des besoins de votre entreprise.</strong><br />
Définir le matériau, la composition et la conception en collaboration avec notre département de production.</span></p>
<h2>Combinaison</h2>
<p><strong>Matériel:</strong><br />
Tissu polyester 65% et 35% coton, grammage 150 grs/m2.<br />
<strong>Description:</strong><br />
Combinaison, avec capuche, combinaison et poche zippée dans la poche de poitrine avec fenêtre pour l’identification. Fermeture du brassard et du fond au moyen de clips métalliques.</p>
